e the remainder when 96598812 is divided by 24149700.
12
Calculate the remainder when 1504031 is divided by 136728.
23
Calculate the remainder when 278799 is divided by 1408.
15
Calculate the remainder when 2958894 is divided by 463.
324
What is the remainder when 15828440 is divided by 568?
552
Calculate the remainder when 144867 is divided by 157.
113
What is the remainder when 159808377 is divided by 1951?
16
What is the remainder when 11665041 is divided by 1021?
116
What is the remainder when 252072 is divided by 1555?
162
Calculate the remainder when 31652 is divided by 78.
62
Calculate the remainder when 6899470 is divided by 1682.
1588
Calculate the remainder when 6444509 is divided by 2148129.
122
What is the remainder when 33931437 is divided by 270?
267
Calculate the remainder when 178165 is divided by 19668.
1153
What is the remainder when 1310205 is divided by 3?
0
Calculate the remainder when 3756027 is divided by 917.
912
What is the remainder when 55073 is divided by 9094?
509
What is the remainder when 5422854 is divided by 53?
0
What is the remainder when 935426 is divided by 3654?
2
Calculate the remainder when 11907471 is divided by 51105.
6
Calculate the remainder when 1491335 is divided by 372820.
55
Calculate the remainder when 301665 is divided by 5349.
2121
What is the remainder when 333333 is divided by 8747?
947
What is the remainder when 324165 is divided by 1929?
93
What is the remainder when 34580980 is divided by 17290484?
12
What is the remainder when 17329609 is divided by 259?
178
Calculate the remainder when 755689 is divided by 153.
22
What is the remainder when 38164347 is divided by 186?
123
Calculate the remainder when 22774 is divided by 22436.
338
Calculate the remainder when 4530301 is divided by 1200.
301
Calculate the remainder when 68450724 is divided by 17112680.
4
Calculate the remainder when 2733693 is divided by 1366745.
203
Calculate the remainder when 5063853 is divided by 28.
25
Calculate the remainder when 6934487 is divided by 11.
10
Calculate the remainder when 28224266 is divided by 5644850.
16
Calculate the remainder when 16489894 is divided by 16758.
22
What is the remainder when 112533 is divided by 1734?
1557
Calculate the remainder when 86388874 is divided by 28.
26
What is the remainder when 3270104 is divided by 53608?
16
Calculate the remainder when 109723 is divided by 235.
213
Calculate the remainder when 3101604 is divided by 2172.
2160
What is the remainder when 163373 is divided by 2682?
2453
Calculate the remainder when 1539585 is divided by 55.
25
What is the remainder when 384953 is divided by 192467?
19
Calculate the remainder when 6699018 is divided by 177.
99
What is the remainder when 1222129 is divided by 369?
1
What is the remainder when 62779632 is divided by 3285?
3282
Calculate the remainder when 176044 is divided by 43888.
492
Calculate the remainder when 1456289 is divided by 3659.
7
Calculate the remainder when 305385957 is divided by 3512.
3509
What is the remainder when 17094333 is divided by 18?
3
Calculate the remainder when 44395278 is divided by 3323.
3321
Calculate the remainder when 41241204 is divided by 51.
3
What is the remainder when 28122 is divided by 13755?
612
What is the remainder when 2218606 is divided by 178?
14
Calculate the remainder when 306966 is divided by 61376.
86
What is the remainder when 34701 is divided by 3852?
33
Calculate the remainder when 5698436 is divided by 18.
14
What is the remainder when 41953646 is divided by 374586?
14
Calculate the remainder when 2089320 is divided by 174110.
0
Calculate the remainder when 11620252 is divided by 195.
7
Calculate the remainder when 271997 is divided by 54123.
1382
What is the remainder when 217935 is divided by 4610?
1265
Calculate the remainder when 842881 is divided by 63.
4
Calculate the remainder when 148751560 is divided by 63.
55
What is the remainder when 4280146 is divided by 2697?
7
Calculate the remainder when 21383630 is divided by 1297.
1288
Calculate the remainder when 273927 is divided by 54760.
127
What is the remainder when 279142 is divided by 34876?
134
What is the remainder when 5302250 is divided by 6?
2
What is the remainder when 25179 is divided by 2219?
770
What is the remainder when 401452 is divided by 200715?
22
Calculate the remainder when 859246 is divided by 37.
32
What is the remainder when 235895 is divided by 47163?
80
Calculate the remainder when 217165 is divided by 1241.
1231
Calculate the remainder when 9127312 is divided by 5369.
12
What is the remainder when 563957 is divided by 131?
2
What is the remainder when 156765 is divided by 164?
145
What is the remainder when 7601376 is divided by 47?
19
What is the remainder when 592583 is divided by 372?
359
Calculate the remainder when 23397712 is divided by 449956.
0
Calculate the remainder when 259121795 is divided by 811.
807
What is the remainder when 146211 is divided by 137?
32
What is the remainder when 337812 is divided by 1396?
1376
What is the remainder when 36816609 is divided by 118?
19
Calculate the remainder when 7352645 is divided by 812.
797
What is the remainder when 31638 is divided by 1964?
214
Calculate the remainder when 33015 is divided by 7790.
1855
What is the remainder when 565696 is divided by 56565?
46
What is the remainder when 89840117 is divided by 182?
3
What is the remainder when 936030 is divided by 7015?
3035
Calculate the remainder when 477854 is divided by 4344.
14
What is the remainder when 34043 is divided by 577?
0
Calculate the remainder when 1342326 is divided by 565.
451
Calculate the remainder when 29894309 is divided by 12059.
48
Calculate the remainder when 918982 is divided by 2927.
2831
Calculate the remainder when 5443158 is divided by 2520.
2478
Calculate the remainder when 46975 is divided by 46745.
230
Calculate the remainder when 33484617 is divided by 23.
21
Calculate the remainder when 72451 is divided by 36178.
95
What is the remainder when 322545097 is divided by 20?
17
What is the remainder when 24240894 is divided by 595?
594
What is the remainder when 121993 is divided by 1111?
894
Calculate the remainder when 2071909 is divided by 19.
16
What is the remainder when 159528 is divided by 19934?
56
What is the remainder when 7341967 is divided by 18?
1
What is the remainder when 6807 is divided by 6471?
336
What is the remainder when 1689335 is divided by 1162?
949
What is the remainder when 823321 is divided by 171?
127
Calculate the remainder when 60888646 is divided by 507405.
46
What is the remainder when 84267 is divided by 2091?
627
What is the remainder when 213005876 is divided by 843?
8
Calculate the remainder when 1056595 is divided by 264146.
11
Calculate the remainder when 2450982 is divided by 881.
40
What is the remainder when 120222 is divided by 16920?
1782
What is the remainder when 605133 is divided by 605012?
121
Calculate the remainder when 1406194 is divided by 3012.
2602
Calculate the remainder when 52512032 is divided by 56.
48
Calculate the remainder when 24688 is divided by 11821.
1046
Calculate the remainder when 123651 is divided by 737.
572
What is the remainder when 510837 is divided by 17024?
117
Calculate the remainder when 160604 is divided by 253.
202
What is the remainder when 2986594 is divided by 10516?
50
What is the remainder when 1601805324 is divided by 25?
24
What is the remainder when 77382329 is divided by 581822?
3
Calculate the remainder when 2544191 is divided by 1190.
1161
What is the remainder when 92261 is divided by 1196?
169
Calculate the remainder when 10284802 is divided by 93.
25
Calculate the remainder when 1358795 is divided by 941.
932
What is the remainder when 466497 is divided by 7020?
3177
What is the remainder when 284208592 is divided by 498?
490
What is the remainder when 111745135 is divided by 2793?
2791
What is the remainder when 1533917 is divided by 123?
107
What is the remainder when 337888 is divided by 112425?
613
Calculate the remainder when 158282958 is divided by 880.
878
What is the remainder when 102719 is divided by 951?
11
Calculate the remainder when 1150774 is divided by 383569.
67
Calculate the remainder when 24697934 is divided by 195.
14
What is the remainder 